{"id":1828,"date":"2021-06-20T12:18:51","date_gmt":"2021-06-20T09:18:51","guid":{"rendered":"https:\/\/melekambalaj.com\/?post_type=product&#038;p=1828"},"modified":"2021-06-20T18:02:46","modified_gmt":"2021-06-20T15:02:46","slug":"dikey-ve-yatay-doluma-uygun-rulolar","status":"publish","type":"product","link":"https:\/\/melekambalaj.com\/?product=dikey-ve-yatay-doluma-uygun-rulolar","title":{"rendered":"Dikey ve Yatay Doluma Uygun Rulolar"},"content":{"rendered":"<ul>\n<li>G\u0131da ve g\u0131da d\u0131\u015f\u0131 t\u00fcm \u00fcr\u00fcnlerin otomatik dolum makinalar\u0131nda ambalajlanmas\u0131nda kullan\u0131l\u0131r.<\/li>\n<li>\u0130stenilen en ve \u00e7apta \u00fcretilebilir.<\/li>\n<li>Anti-statik, anti-fog, anti-slip \u00f6zelliklerde \u00fcretilebilir.<\/li>\n<li>Mat lak sayesinde parsiyel olarak mat g\u00f6r\u00fcn\u00fcm kazand\u0131r\u0131labilir.<\/li>\n<li>D\u00fc\u015f\u00fck i\u015f\u00e7ilik maliyeti ve y\u00fcksek verim sa\u011flar.<\/li>\n<li>\u0130\u00e7indeki \u00fcr\u00fcn\u00fcn raf \u00f6mr\u00fcn\u00fc uzat\u0131r.<\/li>\n<li>Ambalajlanan \u00fcr\u00fcn i\u00e7in istenilen gramajda paketleme imkan\u0131 sa\u011flar.<\/li>\n<\/ul>\n","protected":false},"excerpt":{"rendered":"<p>G\u0131da ve g\u0131da d\u0131\u015f\u0131 t\u00fcm \u00fcr\u00fcnlerin otomatik dolum makinalar\u0131nda ambalajlanmas\u0131nda kullan\u0131l\u0131r. \u0130stenilen en ve \u00e7apta \u00fcretilebilir. Anti-statik, anti-fog, anti-slip \u00f6zelliklerde \u00fcretilebilir. Mat lak sayesinde parsiyel olarak mat g\u00f6r\u00fcn\u00fcm kazand\u0131r\u0131labilir. D\u00fc\u015f\u00fck i\u015f\u00e7ilik maliyeti ve y\u00fcksek verim sa\u011flar. \u0130\u00e7indeki \u00fcr\u00fcn\u00fcn raf \u00f6mr\u00fcn\u00fc uzat\u0131r. Ambalajlanan \u00fcr\u00fcn i\u00e7in istenilen gramajda paketleme imkan\u0131 sa\u011flar.<\/p>\n","protected":false},"featured_media":1974,"template":"","meta":[],"product_cat":[15],"product_tag":[34,31,32,30,35,28,33,27,29],"class_list":{"0":"post-1828","1":"product","2":"type-product","3":"status-publish","4":"has-post-thumbnail","6":"product_cat-genel","7":"product_tag-aluminyum-poset","8":"product_tag-ambalaj","9":"product_tag-cerez-poseti","10":"product_tag-doypack","11":"product_tag-doypak-ambalaj","12":"product_tag-kilitli-poset","13":"product_tag-kuruyemis-poseti","14":"product_tag-mat-siyah-aluminyum-poset","15":"product_tag-oturan-poset","16":"zita-woo-hover-zoom","17":"zita-woo-alignment-center","18":"zita-shadow-2","19":"zita-shadow-hover-2","20":"zita-single-product-content-right","21":"zita-single-product-tab-vertical","23":"first","24":"instock","25":"shipping-taxable","26":"purchasable","27":"product-type-simple"},"_links":{"self":[{"href":"https:\/\/melekambalaj.com\/index.php?rest_route=\/wp\/v2\/product\/1828","targetHints":{"allow":["GET"]}}],"collection":[{"href":"https:\/\/melekambalaj.com\/index.php?rest_route=\/wp\/v2\/product"}],"about":[{"href":"https:\/\/melekambalaj.com\/index.php?rest_route=\/wp\/v2\/types\/product"}],"wp:featuredmedia":[{"embeddable":true,"href":"https:\/\/melekambalaj.com\/index.php?rest_route=\/wp\/v2\/media\/1974"}],"wp:attachment":[{"href":"https:\/\/melekambalaj.com\/index.php?rest_route=%2Fwp%2Fv2%2Fmedia&parent=1828"}],"wp:term":[{"taxonomy":"product_cat","embeddable":true,"href":"https:\/\/melekambalaj.com\/index.php?rest_route=%2Fwp%2Fv2%2Fproduct_cat&post=1828"},{"taxonomy":"product_tag","embeddable":true,"href":"https:\/\/melekambalaj.com\/index.php?rest_route=%2Fwp%2Fv2%2Fproduct_tag&post=1828"}],"curies":[{"name":"wp","href":"https:\/\/api.w.org\/{rel}","templated":true}]}}