{"id":1832,"date":"2021-06-20T12:25:25","date_gmt":"2021-06-20T09:25:25","guid":{"rendered":"https:\/\/melekambalaj.com\/?post_type=product&#038;p=1832"},"modified":"2021-07-01T08:50:05","modified_gmt":"2021-07-01T05:50:05","slug":"teskstil-ve-kargo-posetleri","status":"publish","type":"product","link":"https:\/\/melekambalaj.com\/?product=teskstil-ve-kargo-posetleri","title":{"rendered":"Tekstil ve Kargo Po\u015fetleri"},"content":{"rendered":"<ul>\n<li>\u00dcr\u00fcnlerinizi rahatl\u0131kla i\u00e7erisine koyabilce\u011finiz bantlar\u0131 sayesinde \u00fcr\u00fcn\u00fcn\u00fcz\u00fcn d\u0131\u015f ortamlardan korunmas\u0131n\u0131 sa\u011flar<\/li>\n<li>\u0130stedi\u011finiz ebatlarda \u00fcretilebilir.<\/li>\n<li>Markan\u0131za \u00f6zel tasr\u0131mla bask\u0131 yap\u0131labilir.<\/li>\n<\/ul>\n","protected":false},"excerpt":{"rendered":"<p>\u00dcr\u00fcnlerinizi rahatl\u0131kla i\u00e7erisine koyabilce\u011finiz bantlar\u0131 sayesinde \u00fcr\u00fcn\u00fcn\u00fcz\u00fcn d\u0131\u015f ortamlardan korunmas\u0131n\u0131 sa\u011flar \u0130stedi\u011finiz ebatlarda \u00fcretilebilir. Markan\u0131za \u00f6zel tasr\u0131mla bask\u0131 yap\u0131labilir.<\/p>\n","protected":false},"featured_media":2039,"template":"","meta":[],"product_cat":[15],"product_tag":[34,31,32,30,35,28,33,27,29],"class_list":{"0":"post-1832","1":"product","2":"type-product","3":"status-publish","4":"has-post-thumbnail","6":"product_cat-genel","7":"product_tag-aluminyum-poset","8":"product_tag-ambalaj","9":"product_tag-cerez-poseti","10":"product_tag-doypack","11":"product_tag-doypak-ambalaj","12":"product_tag-kilitli-poset","13":"product_tag-kuruyemis-poseti","14":"product_tag-mat-siyah-aluminyum-poset","15":"product_tag-oturan-poset","16":"zita-woo-hover-zoom","17":"zita-woo-alignment-center","18":"zita-shadow-2","19":"zita-shadow-hover-2","20":"zita-single-product-content-right","21":"zita-single-product-tab-vertical","23":"first","24":"instock","25":"shipping-taxable","26":"purchasable","27":"product-type-simple"},"_links":{"self":[{"href":"https:\/\/melekambalaj.com\/index.php?rest_route=\/wp\/v2\/product\/1832","targetHints":{"allow":["GET"]}}],"collection":[{"href":"https:\/\/melekambalaj.com\/index.php?rest_route=\/wp\/v2\/product"}],"about":[{"href":"https:\/\/melekambalaj.com\/index.php?rest_route=\/wp\/v2\/types\/product"}],"wp:featuredmedia":[{"embeddable":true,"href":"https:\/\/melekambalaj.com\/index.php?rest_route=\/wp\/v2\/media\/2039"}],"wp:attachment":[{"href":"https:\/\/melekambalaj.com\/index.php?rest_route=%2Fwp%2Fv2%2Fmedia&parent=1832"}],"wp:term":[{"taxonomy":"product_cat","embeddable":true,"href":"https:\/\/melekambalaj.com\/index.php?rest_route=%2Fwp%2Fv2%2Fproduct_cat&post=1832"},{"taxonomy":"product_tag","embeddable":true,"href":"https:\/\/melekambalaj.com\/index.php?rest_route=%2Fwp%2Fv2%2Fproduct_tag&post=1832"}],"curies":[{"name":"wp","href":"https:\/\/api.w.org\/{rel}","templated":true}]}}