{"id":1673,"date":"2021-06-18T18:25:55","date_gmt":"2021-06-18T15:25:55","guid":{"rendered":"https:\/\/melekambalaj.com\/?post_type=product&#038;p=1673"},"modified":"2022-06-09T13:51:40","modified_gmt":"2022-06-09T10:51:40","slug":"uc-kenari-kaynak-vakum-poseti","status":"publish","type":"product","link":"https:\/\/melekambalaj.com\/?product=uc-kenari-kaynak-vakum-poseti","title":{"rendered":"\u00dc\u00e7 Kenar\u0131 Kaynak Vakum Po\u015feti"},"content":{"rendered":"<ul>\n<li>Vakumlanabilir ambalajd\u0131r<\/li>\n<li>Vakum po\u015fetlerin sa\u011flad\u0131\u011f\u0131 en b\u00fcy\u00fck avantaj, g\u0131dalar\u0131 \u00e7ok uzun s\u00fcre taze tutabilmesidir. G\u0131dalar\u0131n raf \u00f6mr\u00fcn\u00fc en \u00e7ok etkileyen \u015fey hava ile temas\u0131d\u0131r.<\/li>\n<li>\u00d6zel pa\/pe lam\u0131nasyon yap\u0131s\u0131 sayesinde \u00fcr\u00fcn hava almas\u0131 cok zordur.<\/li>\n<li>Havayla hi\u00e7bir temas\u0131 olmad\u0131\u011f\u0131ndan raf \u00f6mr\u00fc \u00e7ok uzar. Hatta baz\u0131 \u00fcr\u00fcnler vakumland\u0131ktan sonra y\u0131llarca bozulmadan durabilir.<\/li>\n<li>Kilit imkan\u0131 bulunmaktad\u0131r.<\/li>\n<li>Markan\u0131za \u00f6zel\u00a0 tasar\u0131mla bask\u0131 yap\u0131labilir.<\/li>\n<li>\u0130stedi\u011f\u0130niz\u00a0 ebatlarda size \u00f6zel \u00fcretilebilir.<\/li>\n<\/ul>\n<p>&nbsp;<\/p>\n<p>\u00d6zellikle peynir sucuk et ve tavuk \u00fcr\u00fcnleri deniz \u00fcr\u00fcnleri tur\u015fu yufka \u015fark\u00fcteri sos zeytin tur\u015fu vb \u00fcr\u00fcn ambalaj\u0131 olarak kullan\u0131labilir.<\/p>\n","protected":false},"excerpt":{"rendered":"<table id=\"t01\" style=\"height: 185px\" width=\"534\">\n<tbody>\n<tr>\n<th>No<\/th>\n<th>En (cm)<\/th>\n<th>Boy (cm)<\/th>\n<\/tr>\n<tr>\n<td>1<\/td>\n<td>12<\/td>\n<td>17<\/td>\n<\/tr>\n<tr>\n<td>2<\/td>\n<td>12<\/td>\n<td>22<\/td>\n<\/tr>\n<tr>\n<td>3<\/td>\n<td>15<\/td>\n<td>20<\/td>\n<\/tr>\n<tr>\n<td>4<\/td>\n<td>18<\/td>\n<td>22<\/td>\n<\/tr>\n<tr>\n<td>5<\/td>\n<td>20<\/td>\n<td>25<\/td>\n<\/tr>\n<tr>\n<td>6<\/td>\n<td>20<\/td>\n<td>30<\/td>\n<\/tr>\n<tr>\n<td>7<\/td>\n<td>25<\/td>\n<td>35<\/td>\n<\/tr>\n<tr>\n<td>8<\/td>\n<td>30<\/td>\n<td>40<\/td>\n<\/tr>\n<tr>\n<td>9<\/td>\n<td>30<\/td>\n<td>45<\/td>\n<\/tr>\n<tr>\n<td>10<\/td>\n<td>35<\/td>\n<td>45<\/td>\n<\/tr>\n<tr>\n<td>11<\/td>\n<td>40<\/td>\n<td>50<\/td>\n<\/tr>\n<tr>\n<td>12<\/td>\n<td>40<\/td>\n<td>60<\/td>\n<\/tr>\n<\/tbody>\n<\/table>\n","protected":false},"featured_media":1968,"template":"","meta":[],"product_cat":[38],"product_tag":[34,31,32,30,35,28,33,27,29],"class_list":{"0":"post-1673","1":"product","2":"type-product","3":"status-publish","4":"has-post-thumbnail","6":"product_cat-vakum","7":"product_tag-aluminyum-poset","8":"product_tag-ambalaj","9":"product_tag-cerez-poseti","10":"product_tag-doypack","11":"product_tag-doypak-ambalaj","12":"product_tag-kilitli-poset","13":"product_tag-kuruyemis-poseti","14":"product_tag-mat-siyah-aluminyum-poset","15":"product_tag-oturan-poset","16":"zita-woo-hover-zoom","17":"zita-woo-alignment-center","18":"zita-shadow-2","19":"zita-shadow-hover-2","20":"zita-single-product-content-right","21":"zita-single-product-tab-vertical","23":"first","24":"instock","25":"shipping-taxable","26":"purchasable","27":"product-type-variable"},"_links":{"self":[{"href":"https:\/\/melekambalaj.com\/index.php?rest_route=\/wp\/v2\/product\/1673","targetHints":{"allow":["GET"]}}],"collection":[{"href":"https:\/\/melekambalaj.com\/index.php?rest_route=\/wp\/v2\/product"}],"about":[{"href":"https:\/\/melekambalaj.com\/index.php?rest_route=\/wp\/v2\/types\/product"}],"wp:featuredmedia":[{"embeddable":true,"href":"https:\/\/melekambalaj.com\/index.php?rest_route=\/wp\/v2\/media\/1968"}],"wp:attachment":[{"href":"https:\/\/melekambalaj.com\/index.php?rest_route=%2Fwp%2Fv2%2Fmedia&parent=1673"}],"wp:term":[{"taxonomy":"product_cat","embeddable":true,"href":"https:\/\/melekambalaj.com\/index.php?rest_route=%2Fwp%2Fv2%2Fproduct_cat&post=1673"},{"taxonomy":"product_tag","embeddable":true,"href":"https:\/\/melekambalaj.com\/index.php?rest_route=%2Fwp%2Fv2%2Fproduct_tag&post=1673"}],"curies":[{"name":"wp","href":"https:\/\/api.w.org\/{rel}","templated":true}]}}