{"id":1625,"date":"2021-06-18T17:12:13","date_gmt":"2021-06-18T14:12:13","guid":{"rendered":"https:\/\/melekambalaj.com\/?post_type=product&#038;p=1625"},"modified":"2026-03-04T14:38:18","modified_gmt":"2026-03-04T11:38:18","slug":"ozel-tasarimli-kahve-doypack","status":"publish","type":"product","link":"https:\/\/melekambalaj.com\/?product=ozel-tasarimli-kahve-doypack","title":{"rendered":"\u00d6zel Tasar\u0131ml\u0131 Kahve Doypack"},"content":{"rendered":"<ul>\n<li>\u00dcr\u00fcn g\u0131da temas\u0131na uygun niteliktedir.<\/li>\n<li>\u00dc\u00e7 katl\u0131\u00a0 olma \u00f6zelli\u011fiyle y\u00fcksek bariyer sa\u011flar . \u00dcr\u00fcn tazeli\u011fini uzun s\u00fcre korur.<\/li>\n<li>Sizler\u00a0 i\u00e7in \u00f6zel tasarlad\u0131\u011f\u0131m\u0131z paket ile \u00fcr\u00fcn\u00fcn\u00fcz daha \u015f\u0131k sergileyebilirsiniz.<\/li>\n<li>Kahve ambalajlar\u0131m\u0131z kahve \u00e7ekirde\u011fi ve \u00e7ekilmi\u015f kahve i\u00e7in uygundur.<\/li>\n<li>A\u00e7\u0131k kilitli Kahve ambalajlar\u0131m\u0131zla \u00fcr\u00fcnlerinizi h\u0131zl\u0131 bir \u015fekilde doldurup kilidi kapatabilirsiniz.<\/li>\n<li>A\u00e7\u0131l\u0131r- Kapan\u0131r aroma kilit mevcuttur. HER A\u00c7I\u015eTA AYNI TAZEL\u0130K<\/li>\n<li>Kolay a\u00e7ma \u00e7enti\u011fi sayesinde kolay ve d\u00fczg\u00fcn a\u00e7\u0131l\u0131r.<\/li>\n<li>\u00dcr\u00fcn\u00fcn dik konumda sergileme imkan\u0131 sa\u011flar.<\/li>\n<li>Markan\u0131za \u00f6zel\u00a0 tasar\u0131mla bask\u0131 yap\u0131labilir.<\/li>\n<li>\u0130stedi\u011f\u0130niz\u00a0 ebatlarda size \u00f6zel \u00fcretilebilir.<\/li>\n<\/ul>\n<p>Kahve ambalajlar\u0131m\u0131z kahve \u00e7ekirde\u011fi ve \u00e7ekilmi\u015f kahve i\u00e7in uygundur.<\/p>\n<p>A\u00e7\u0131k kilitli Kahve ambalajlar\u0131m\u0131zla \u00fcr\u00fcnlerinizi h\u0131zl\u0131 bir \u015fekilde doldurup kilidi kapatabilirsiniz.<\/p>\n","protected":false},"excerpt":{"rendered":"<table id=\"t01\" style=\"height: 188px\" width=\"534\">\n<tbody>\n<tr>\n<th>No<\/th>\n<th>En (cm)<\/th>\n<th>Boy (cm)<\/th>\n<th>Gramaj (gr)<\/th>\n<\/tr>\n<tr>\n<td>1<\/td>\n<td>12<\/td>\n<td>18<\/td>\n<td>100<\/td>\n<\/tr>\n<tr>\n<td>2<\/td>\n<td>14<\/td>\n<td>22.5<\/td>\n<td>250<\/td>\n<\/tr>\n<tr>\n<td>3<\/td>\n<td>17.5<\/td>\n<td>26<\/td>\n<td>500<\/td>\n<\/tr>\n<\/tbody>\n<\/table>\n<p>&nbsp;<\/p>\n","protected":false},"featured_media":1090,"template":"","meta":[],"product_cat":[26],"product_tag":[34,31,32,30,35,43,44,28,33,27,29],"class_list":{"0":"post-1625","1":"product","2":"type-product","3":"status-publish","4":"has-post-thumbnail","6":"product_cat-doypack","7":"product_tag-aluminyum-poset","8":"product_tag-ambalaj","9":"product_tag-cerez-poseti","10":"product_tag-doypack","11":"product_tag-doypak-ambalaj","12":"product_tag-kahve-ambalaji","13":"product_tag-kahve-doypak","14":"product_tag-kilitli-poset","15":"product_tag-kuruyemis-poseti","16":"product_tag-mat-siyah-aluminyum-poset","17":"product_tag-oturan-poset","18":"zita-woo-hover-zoom","19":"zita-woo-alignment-center","20":"zita-shadow-2","21":"zita-shadow-hover-2","22":"zita-single-product-content-right","23":"zita-single-product-tab-vertical","25":"first","26":"instock","27":"shipping-taxable","28":"purchasable","29":"product-type-variable"},"_links":{"self":[{"href":"https:\/\/melekambalaj.com\/index.php?rest_route=\/wp\/v2\/product\/1625","targetHints":{"allow":["GET"]}}],"collection":[{"href":"https:\/\/melekambalaj.com\/index.php?rest_route=\/wp\/v2\/product"}],"about":[{"href":"https:\/\/melekambalaj.com\/index.php?rest_route=\/wp\/v2\/types\/product"}],"wp:featuredmedia":[{"embeddable":true,"href":"https:\/\/melekambalaj.com\/index.php?rest_route=\/wp\/v2\/media\/1090"}],"wp:attachment":[{"href":"https:\/\/melekambalaj.com\/index.php?rest_route=%2Fwp%2Fv2%2Fmedia&parent=1625"}],"wp:term":[{"taxonomy":"product_cat","embeddable":true,"href":"https:\/\/melekambalaj.com\/index.php?rest_route=%2Fwp%2Fv2%2Fproduct_cat&post=1625"},{"taxonomy":"product_tag","embeddable":true,"href":"https:\/\/melekambalaj.com\/index.php?rest_route=%2Fwp%2Fv2%2Fproduct_tag&post=1625"}],"curies":[{"name":"wp","href":"https:\/\/api.w.org\/{rel}","templated":true}]}}